t i be (16/(-6) + -1)*(-4 - (39 - 40)). Let l(t) = 4*t**2 - 34*t - 8. Calculate l(i).
102
Suppose -5*u - 9 = 2*l, 8*l - 3*l - 65 = 5*u. Let y(q) = -7 + 17 + q - 3 - l. Calculate y(7).
6
Let w be (-96)/8*(-11)/(-22). Let u(b) = -9*b**2 - 21*b - 11. Let t(v) = 4*v**2 + 10*v + 6. Let k(f) = 7*t(f) + 3*u(f). What is k(w)?
3
Let k(z) = -z**3 + 20*z**2 + 22*z - 17. Let i be 384/14 + -3 - 90/210 - 3. Give k(i).
4
Let z(s) = s**3 + 6*s**2 + 2*s - 4. Let t be (-324)/(-144)*(-24)/9. Give z(t).
-16
Suppose -4*g + 573 = 541. Let u(j) = 5*j**2 - 40*j + 5. Let r be u(g). Let d(q) = -2*q - 3. Determine d(r).
-13
Suppose 5*l = 19*l - 84. Suppose 7*j = l*j + 22. Suppose -3*b = 2*b + 5*z - 30, 5*z - j = -4*b. Let v(w) = w**2 - 10*w + 12. What is v(b)?
-4
Let m(g) = -3 + 0 + g + 1. Suppose -7*d + 108 = 5*d. Suppose 4*s - k - 37 = -24, -3*s + d = -k. Determine m(s).
2
Let m(t) be the second derivative of -4/3*t**3 + 0 + 5/2*t**2 - 154*t + 1/6*t**4. What is m(3)?
-1
Let l = 7 + -6. Let m be (5 + -2 - l)/1. Let f(y) = 7 + 5 - y**m - 20 + y - y**3 + 9. Determine f(-3).
16
Let h(t) = -3*t + 5 + 4*t + 3*t - 15. Let s be (14/(-7))/((-5)/5). What is h(s)?
-2
Let n(q) = -7*q**2 + 11*q - 1. Let s(c) = 17*c**2 - 22*c + 1. Let z(l) = 5*n(l) + 2*s(l). Determine z(9).
15
Let o(c) be the third derivative of c**6/24 + c**5/60 - c**4/24 - 354*c**2. Determine o(-2).
-34
Let f(o) = -4*o**2. Suppose 0 = -4*p + 2*y + 14, 3*p + 2*y - 42 = -35. Suppose p*d + 5*t = 10*t + 12, 5*t + 13 = 2*d. Give f(d).
-4
Let q = 3419 + -3424. Let d(f) be the first derivative of f**4/12 + f**3 - 7*f**2/2 + 3*f - 10. Let a(c) be the first derivative of d(c). Give a(q).
-12
Let m(j) = 4*j + 11. Suppose -4*i - 27 = -35. Let z(r) = -2*r - 5. Let c(p) = i*m(p) + 5*z(p). Let s(w) = -w**2 - 7*w - 10. Let u be s(-6). What is c(u)?
5
Suppose -16*h + 127 = 95. Let k(m) = -36 + 3*m - 37 - h*m**2 + 106 - 35. Determine k(1).
-1
Suppose 1 + 2 = 3*q - 3. Let h(c) = c**3 + 2. Calculate h(q).
10
Let d(m) = -2*m + 11. Suppose 0 = -3*q - 3*s + 36, -61*q = -66*q - s + 44. Determine d(q).
-5
Let z(c) = 14*c. Let o(j) = -71*j + 3. Let f(i) = o(i) + 5*z(i). Determine f(0).
3
Let j(i) = -1 - 6*i + 3129*i**2 - 1570*i**2 - 1560*i**2. Determine j(-4).
7
Let x(p) = -26*p + 52. Let r(o) = -8*o + 4. Let u(z) = 2*r(z) - x(z). Calculate u(5).
6
Suppose -1753*x + 6 = -1758*x + r, -3*x - 24 = -4*r. Let y(a) = -a - a**3 - 11 + 0 - a**2 + 2. Give y(x).
-9
Let y(h) be the second derivative of -h**5/20 + h**4/2 - 4*h**3/3 + 5*h**2/2 - 1028*h. Determine y(2).
5
Let u = -4862 - -4853. Let n(x) = x**3 + 10*x**2 + 15*x + 17. Calculate n(u).
-37
Suppose -65*g - 154 = -72*g. Let m(b) = -b + 5. Let i be m(-4). Let x(t) = -16*t + i + 17*t - g. What is x(9)?
-4
Let y(p) be the third derivative of -p**5/60 + 5*p**4/12 + 13*p**3/6 + 1205*p**2. Determine y(11).
2
Suppose 19 = -2*v - 5*z, -12*v = -10*v + 4*z + 14. Suppose 5*y - b = -27, 3*b + 6 + v = 0. Let u(j) = j**2 + 6*j + 7. Determine u(y).
7
Let o(n) be the third derivative of n**6/3 - n**5/15 - n**4/8 - 3*n**3/2 - 111*n**2. Let b(s) = s**2 + s + 2. Let g(w) = -5*b(w) - o(w). Determine g(-1).
40
Let k(l) = -l**3 + l**2 - l + 2. Suppose -13 - 15 = -2*p. Suppose g - 3*g = -5*z + 72, -3*z + 40 = -2*g. Let x = z - p. Determine k(x).
-4
Let v(q) = q**3 + 11*q**2 + 11*q - 13. Suppose 5*s - 2*j + 59 = 0, 5*s + 30 + 22 = j. What is v(s)?
50
Suppose 673*s - 670*s + 27 = 0. Let y(c) = -13*c**2 - 116*c + 14. Calculate y(s).
5
Let o(s) = -s**3 + 5*s**2 + 2*s - 3. Let u(g) = -2*g**3 - 4*g**2 + 17*g + 39. Let n be 3*(9/(-54))/(1/4). Let p be u(n). Calculate o(p).
7
Let w(u) = 15*u**3 - u**2 - 2*u - 1. Suppose 4*k - 12 = -v, 16 = k + 2*v - 5*v. Suppose -4 = -5*c - k. Suppose c = -9*m + 3 - 12. Give w(m).
-15
Let a(r) = -2*r**3 + 14*r**2 - r + 4. Let n be (-7*2/4)/((-221)/442). Give a(n).
-3
Let m(c) = c**3 - 17*c**2 + 31*c - 35. Let g(d) = 27*d**2 + 194*d + 50. Let k be g(-7). Calculate m(k).
-20
Let r(v) = -2*v - 22. Let a = 8416 + -8416. Determine r(a).
-22
Let w = -299 - -305. Let g(b) = 0*b + b + 4 - 11. What is g(w)?
-1
Let y(d) = 2*d**3 - 8*d**2 + 3*d - 10. Let f(q) = q**2 + 45*q + 238. Let a be f(-6). Determine y(a).
2
Let n(k) = -2*k - 8. Let i be n(-6). Let y(q) = -819*q - 295 + 3*q**2 - q**3 + 143 + 407*q + 408*q + 150. Give y(i).
-34
Let d(r) be the second derivative of 5*r**3/3 - 12*r**2 + 69*r - 8. Calculate d(4).
16
Let b(y) = -2*y**3 - y**2 + 2. Let w(c) = c**3 - 1. Let o(u) = 2*b(u) + 3*w(u). Let h be o(1). Let t(j) = -3*j**2 + j - 2. Determine t(h).
-16
Let z(p) = 5*p**3 - 15*p**2 + 14*p - 22. Let k(l) = 2*l**2 - 2*l + 3. Let q(x) = -7*k(x) - z(x). Determine q(-1).
7
Let f(j) = -141*j + 1841. Let c be f(13). Let q(m) = 2*m**2 - 7*m - 13. Calculate q(c).
59
Let v(w) = -w**3 + 3*w**2 + 2*w + 1. Suppose 9*g = 11*g - 2*r + 8, -5*g + 2*r = 14. Determine v(g).
17
Let q(n) = 1 + 3023*n - 6067*n + 0*n**2 + 2*n**2 + 3032*n. Calculate q(7).
15
Suppose 0 = -3*t - 77 - 13. Let u be ((-48)/t)/(2/5). Let d(r) be the third derivative of r**6/120 - r**5/15 + r**4/6 + r**3/3 + 608*r**2. Calculate d(u).
18
Let s = 140 - 134. Suppose 0 = -3*f - 5*c + 43, 3*c + 2*c = -20. Let i(g) = -2*g - 10 - 2*g**2 - 8 + f + s*g**2 - g**3. Give i(3).
6
Let o(m) = m**3 + 2*m**2 + 46*m + 214. Let w be o(-4). Let n(g) = 0*g**2 - 17 + 19 + g**3 + 2*g**2. Calculate n(w).
2
Let q be 2 + (1 - -11)/(-2). Let a(m) = -111 - m**2 + 3*m + 0*m**2 + 238 - 132. Calculate a(q).
-33
Let o(b) be the second derivative of -b**6/360 + b**5/10 - 7*b**4/24 - 7*b**3 - 45*b. Let n(p) be the second derivative of o(p). Determine n(11).
4
Let p(a) be the second derivative of -a**4/12 + a**3/6 + a**2/2 + 2*a. Suppose 267*c + 10 = 262*c. What is p(c)?
-5
Let k(w) = w**2 + 12*w + 2. Let z(h) = h**2 + 11*h + 1. Let n = 130 + -134. Let p(o) = n*k(o) + 5*z(o). What is p(-6)?
-9
Let z be 27/15*((-320)/12)/(-8). Let s(k) = -87 - 4*k + 89 + k - z*k. What is s(3)?
-25
Let j(g) = -3*g**2 - g - 1. Let y(d) = -d**2 + 1. Let k(w) = 6*w + w**2 - 3*w**2 + 3*w**2 - 6. Let q be k(-7). Let t(b) = q*y(b) + j(b). Give t(1).
-5
Let o(h) = 31*h + 2. Let a(u) = 90*u + 8. Let z(i) = a(i) - 3*o(i). Suppose g = -1 - 3. Give z(g).
14
Let l(b) = -262*b + 8119. Let q be l(31). Let d(f) = -f. Let g(s) = s**2 - 4*s + 4. Let m(x) = -4*d(x) + g(x). Give m(q).
13
Let k(p) = -61*p**2 + 29*p - 91. Let o(y) = -76*y**2 + 28*y - 95. Let j(g) = -5*k(g) + 4*o(g). Calculate j(31).
13
Let x(f) be the first derivative of -f**3/3 - 3*f**2 + 4*f + 1. Let k = 60 - -44. Suppose 0 = -k*p + 109*p + 25. Calculate x(p).
9
Let d(q) = -42*q - q**3 + 19*q + 14 + 27*q + 5*q**2. Let w be d(6). Let v(g) = -w + 8*g - 2 + g**2 + 3 + 6. Determine v(-7).
-2
Suppose 179*x - 44*x + 496 + 584 = 0. Let w(p) be the third derivative of p**6/120 + 7*p**5/60 - p**4/4 - p**3/6 - 8*p**2. Give w(x).
-17
Suppose 24*m - 25*m + 1 = 5*g, 0 = m + g - 1. Let i(c) = -53*c**3 + c**2 + 1. Calculate i(m).
-51
Let f(z) = -75854*z**3 - 5*z + 75852*z**3 + 9*z + 22 - 9*z**2. Give f(-4).
-10
Let k(d) = -4*d + 0*d + 3*d. Suppose -29*g + 280 = -15*g. Suppose 5*o = 3*a + 17, -4*o - 6*a + 2*a = -g. Give k(o).
-4
Let o be ((-75)/12 - -5)/((-2)/8). Let r be (o/(-3))/(30/(-108)). Let q(d) = -d**2 + 5*d + 2. Calculate q(r).
-4
Let y(j) = -5*j**2 + 132*j + 20. Let f(n) = -16*n**2 + 416*n + 58. Let m(a) = -6*f(a) + 19*y(a). Calculate m(-10).
12
Let q(j) = -8*j**3 - 3*j**2 + 2*j**3 + 401 + 4*j - 400. Let w(x) = 6*x**3 + 4*x**2 - 5*x - 2. Let h(t) = -3*q(t) - 2*w(t). What is h(1)?
6
Let j be 0/4 - (12 - 6). Let b(u) = -5*u - 26. Let s(q) = -11*q - 54. Let x(p) = j*s(p) + 13*b(p). What is x(6)?
-8
Let r(p) = p - 5. Let m(s) = 17*s + 265. Let z be m(-15). Suppose -z*l = 5*l - 60. What is r(l)?
-1
Let r(a) = -a**3 - 17*a**2 + 2*a + 25. Suppose 5*d + 95 = -5*q, -77*q + d = -80*q - 53. Give r(q).
-9
Let h(a) be the first derivative of 11 - 3/2*a**2 + 10*a. Let m be h(6). Let k(d) = 2*d + 12. Give k(m).
-4
Suppose 0 = 3*y - 6, 0 = 4*i - 2*y + 15 - 43. Let t(g) = 343*g**2 + g**3 - 11 + g + i*g - 332*g**2. Calculate t(-10).
-1
Let p(w) = w**3 + 5*w**2 + w - 5. Let s be (27/(-36))/((-12)/656). Suppose s = 2*g + 49. Calculate p(g).
7
Let s(a) = 36 + 2743*a - 29 + 81 - 2750*a. Determine s(11).
11
Let r(d) = 3*d**2 + 2*d - 18. Let k(m) = 2*m**2 + 2*m - 12. Let 